*3 - 11*f + 0*f - f. Let g(d) = d**3 - 4*d**2 - 4*d - 3. What is the remainder when g(5) is divided by o(-13)?
0
Suppose -3*w = w - 12. Let k = w + -1. Suppose 145 = 3*h + k*h + 5*g, -2*g = h - 30. What is the remainder when h is divided by 15?
13
Let i(d) = 2*d**2 + 8*d + 6. Let y be 4*(-1)/(-2) + -7. Calculate the remainder when 47 is divided by i(y).
15
Suppose -5*u = -h - 177, -2*u + h - 4*h = -64. What is the remainder when u is divided by 12?
11
Let p(w) = 6*w. Let n be p(1). Let z(v) = 7*v + 1. Calculate the remainder when z(n) is divided by 11.
10
Let t(c) = 111*c**2 - c. What is the remainder when t(-1) is divided by 23?
20
Suppose 12 = 2*k - 80. Let c(l) = l**2 + 3*l + 3. Let u be c(-2). Let t(g) = 15*g + 1. Calculate the remainder when k is divided by t(u).
14
What is the remainder when (35/15)/(1/21) is divided by 17?
15
Suppose g + 10 = 2*d + 30, 2*g = -5*d + 22. What is the remainder when g is divided by 9?
7
Suppose 0 = 5*v - 4*x - 268, 0 = 5*v - v + 3*x - 233. What is the remainder when 217 is divided by v?
49
Suppose -16*w + 12*w = -24. Suppose -4 = -p + w. What is the remainder when 15 is divided by p?
5
Let t(p) = -2*p**2 + 3*p - 3. Let f be t(3). Let g be (9/2)/(9/f). What is the remainder when 13 is divided by g/(-9)*3 - -3?
3
Let c(j) = 4*j + 7. What is the remainder when 106 is divided by c(5)?
25
Let z(h) = 11*h**2 + 3*h - 7. Let c(q) = -23*q**2 - 5*q + 13. Let f(n) = -6*c(n) - 11*z(n). Calculate the remainder when f(-2) is divided by 25.
23
Let t(h) = h**2 - 19. Calculate the remainder when t(10) is divided by 14.
11
Calculate the remainder when 20 is divided by 3/9 + (-32)/(-3).
9
Suppose 73 = 6*d - 17. What is the remainder when 54 is divided by d?
9
Let v = -147 + 313. Suppose -2*c + t + 80 = 0, -t = -4*c - 2*t + v. Calculate the remainder when c is divided by 14.
13
What is the remainder when 94 is divided by (-2)/5 + 366/15?
22
Let g = 16 + 10. Calculate the remainder when g is divided by 5.
1
Suppose 0 = 16*p - 13*p - 117. Calculate the remainder when p is divided by 5.
4
Let q = 0 - -11. What is the remainder when 42 is divided by q?
9
Suppose 4*s - 52 = 5*z, -z + 20 = s + 2*s. Suppose 0 = 2*c - 7*c + 5. Let j = 4 + c. Calculate the remainder when s is divided by j.
3
Let z(f) = 2 + 4*f**2 + 6*f**2 + 2*f + 3*f**2. Suppose -u - 4*u + 97 = 4*t, 2*u + 5*t = 49. Calculate the remainder when z(-2) is divided by u.
16
Suppose 0 = -2*s + 40 - 8. Calculate the remainder when 43 is divided by s.
11
Calculate the remainder when 34 is divided by (-1)/4 + (-84)/(-16).
4
Let w(q) = q + 4. Let d be w(0). Suppose -d*l = -l - 159. Let j = -25 + l. Calculate the remainder when j is divided by 15.
13
Let m be ((-1)/1 - 25)*-1. Let u = m - 12. Suppose 3*f + 4 = w + 14, 4*w - 40 = -4*f. Calculate the remainder when u is divided by w.
4
Let g(b) = -b**2 + 14*b - 2. Suppose -6*z = -z - 60. What is the remainder when 63 is divided by g(z)?
19
Suppose -70 = -5*z - 5. What is the remainder when 23 is divided by z?
10
Calculate the remainder when ((-1917)/36)/(3/(-8)) is divided by 13.
12
Suppose 0 = 3*q - 124 - 71. Suppose 48 = 2*y + 4*a, -a + 6*a = 5*y - 105. What is the remainder when q is divided by y?
21
Suppose -3*z + 39 = 6. Calculate the remainder when (1/(-3))/((-3)/279) is divided by z.
9
Let r(w) = -w**3 - 6*w**2 - 2*w - 9. Let k be r(-6). Suppose 3*o + k*o = 72. What is the remainder when 83 is divided by o?
11
Let m = 207 + -205. Let z(p) = p**2 + 2*p - 1. What is the remainder when m is divided by z(-3)?
0
Let z = 29 + -7. What is the remainder when z is divided by 12?
10
Suppose 0 = 14*z - 103 - 947. Let i(h) = -19*h**3 + h**2 - 1. Calculate the remainder when z is divided by i(-1).
18
Let o(c) = c**3 + 11*c**2 - 13*c + 3. Let s(j) = j**3 + 8*j**2 + 6*j - 7. What is the remainder when s(-6) is divided by o(-12)?
14
Let z be 1 - 3 - 1*-5. Suppose -4*j + z*g + 5 = -3*j, 0 = -5*j - g + 9. What is the remainder when j*-1*-1 + 2 is divided by 3?
1
Let o be 0*(3 + 1 - 3). What is the remainder when (o/(-2) - 2) + 21 is divided by 11?
8
Suppose -8*d = -12*d + 168. Calculate the remainder when d is divided by 9.
6
Let q(l) = l - 7. Calculate the remainder when (-4)/6 - 202/(-6) is divided by q(16).
6
Let z be 1/4 + (-73)/4. What is the remainder when (62/(-8))/(1/(-4)) is divided by -3*(-4)/z*-24?
15
Suppose 0 = 2*b - j + 42 - 139, -3*b - 3*j + 159 = 0. What is the remainder when b is divided by 27?
23
Let c(i) = 2*i + 8. Suppose -3*l = -o + 62, o = -l + 2*o - 20. Let j = -13 - l. What is the remainder when c(j) is divided by 9?
6
Let a(v) = -1 + 3*v**2 + 3 + 7*v**2 - v**3. Calculate the remainder when 4 is divided by a(10).
0
Suppose 0 = -30*w + 29*w + 4. Suppose -5*s - 80 = -w*p, -2*p - 3*p - s = -100. What is the remainder when p is divided by (-1)/(1 + 16/(-14))?
6
Suppose 0 = w - 4*s - 47, w + 3*s - s - 17 = 0. What is the remainder when w is divided by 7?
6
Suppose 8 = 4*o, 0 = 5*a + 4*o - 27 - 56. What is the remainder when a is divided by 12?
3
Let w be ((3 - 2) + -7)/(-2). What is the remainder when 14/(-1)*w/(-6) is divided by 4?
3
Let r be 2*1/(-2) - 0. Let i be (5/r)/(5 - 6). Suppose -2*m + 2*z + 12 = -m, 2*m - i*z = 23. Calculate the remainder when 27 is divided by m.
13
Let y = -1 + 16. Suppose 0*i = 3*i - y. Suppose 1 = -l + 5*o, 0 = -i*l - 4*o + 8*o + 58. Calculate the remainder when 26 is divided by l.
12
Let j(o) = -o**3 - 3*o**2 - 6*o. Let f be j(-5). Suppose 0*y + 5*y - f = 0. What is the remainder when 61 is divided by y?
13
Let f(r) = r**3 - 10*r**2 + 12*r + 9. Let d = 20 + -1. Calculate the remainder when f(9) is divided by d.
17
Let u(i) = -i**2 + 7*i - 5. Let q = 40 - 22. What is the remainder when q is divided by u(5)?
3
Let d = 124 + -63. Let l = d - 5. Calculate the remainder when l is divided by 19.
18
Calculate the remainder when 26 is divided by 71/5 + 7/(-35).
12
Let r(h) = -h**2 - 23*h + 4. Let k(q) = q**2 + 5*q - 8. Calculate the remainder when r(-22) is divided by k(-8).
10
What is the remainder when 31 is divided by (-3 + 0)*48/(-9)?
15
Let h = 190 - 123. Calculate the remainder when h is divided by 17.
16
Let c(s) be the first derivative of -s**4/2 - s**3 - 2*s**2 - 4*s - 3. Calculate the remainder when c(-3) is divided by 12.
11
Let m(n) = 18*n**2. What is the remainder when 34 is divided by m(1)?
16
Let y be 0*(6/4 - 2). Let g be 0 + y + 2 - -7. What is the remainder when ((-74)/6)/((-3)/g) is divided by 13?
11
Suppose 1 = -3*h + 5*j, h - 2*j = 6*h - 19. Suppose -o = h*z - 54, -z - 2*o + 7*o + 34 = 0. Calculate the remainder when z is divided by 11.
8
Let n = 7 - 5. Let j = -1 + n. Calculate the remainder when 1 is divided by j.
0
Suppose -5*k + 13 = -2. Let w(p) = -p**2 - 9*p - 8. Calculate the remainder when (-6 + 3)/(k/(-28)) is divided by w(-6).
8
Calculate the remainder when (-217)/(-4) - (-1)/(-4) is divided by ((-8)/6)/((-6)/63).
12
Let r(g) = 10*g - 2. Calculate the remainder when 13 is divided by r(1).
5
Suppose -2*y + 21 = -21. Calculate the remainder when 39 is divided by y.
18
Suppose -y - 9 = 2*y. Let p(d) = -d**2 - 10*d - 5. Calculate the remainder when p(-7) is divided by 4/6 - 25/y.
7
Let i(a) = -a**2 + a + 44. Suppose 0 - 15 = 5*q. Let l(u) = 2*u**2 - 3. Calculate the remainder when i(0) is divided by l(q).
14
Let y(l) = -4*l**2 - 34*l + 3. What is the remainder when 55 is divided by y(-8)?
17
Let x(t) = -t**3 - t**2 + 29. What is the remainder when x(0) is divided by 10?
9
Let r(g) = -g + 10. Let x be r(5). Let m(c) = 21*c - 3. Calculate the remainder when m(x) is divided by 26.
24
Suppose 17 + 8 = t. What is the remainder when t is divided by 14?
11
Let z(v) = 4*v**2 + v - 1. Let t be z(1). Suppose -t*k + 5 = -35. Let w = 55 - 26. What is the remainder when w is divided by k?
9
Let r be (6/2 + 2)*1. Suppose -2*p - 5*g = -29, 5*p - r*g - 83 = 77. What is the remainder when p is divided by 14?
13
Let p = -29 - -36. Calculate the remainder when p is divided by 6.
1
What is the remainder when (8/(-3))/((-26)/507) is divided by 18?
16
Suppose 2*k - 220 = -2*k + x, -k - x + 55 = 0. Suppose -2*a = -7*a + k. What is the remainder when 20 is divided by a?
9
Let f = 83 + -24. Calculate the remainder when f is divided by 20.
19
Let m = 14 - 8. Suppose j - m - 3 = 0. Calculate the